{"id":140,"date":"2014-07-17T15:10:10","date_gmt":"2014-07-17T15:10:10","guid":{"rendered":"http:\/\/ndtesting.cl\/ensayos\/?page_id=140"},"modified":"2014-08-08T03:57:41","modified_gmt":"2014-08-08T03:57:41","slug":"nuestro-personal","status":"publish","type":"page","link":"https:\/\/www.ndtesting.cl\/ensayos\/nosotros\/nuestro-personal\/","title":{"rendered":"Nuestro Personal"},"content":{"rendered":"<div class=\"art-content-layout\">\n<div class=\"art-content-layout-row\">\n<div class=\"art-layout-cell\" style=\"width: 100%;\">\n<p style=\"text-align: justify;\"><img loading=\"lazy\" class=\"art-lightbox\" src=\"http:\/\/ndtesting.cl\/ensayos\/wp-content\/uploads\/2014\/07\/solapa02.jpg\" alt=\"\" width=\"949\" height=\"94\" \/><span style=\"font-size: 14px;\"><span style=\"font-weight: bold;\"><br \/>\n<\/span><\/span><\/p>\n<p style=\"padding-left: 20px; text-align: justify;\">\n<\/div>\n<\/div>\n<\/div>\n<div class=\"art-content-layout\">\n<div class=\"art-content-layout-row\">\n<div class=\"art-layout-cell\" style=\"width: 100%;\">\n<p style=\"padding-left: 20px; text-align: justify;\"><span style=\"font-size: 14px;\"><span style=\"font-weight: bold;\">NDT Ingenier\u00eda Limitada<\/span>, cuenta con especialistas en Ensayos No Destructivos de reconocida experiencia y s\u00f3lida formaci\u00f3n profesional, con permanente especializaci\u00f3n en temas relacionados y son quienes nos dan la solidez necesaria para enfrentar d\u00eda a d\u00eda nuevos desaf\u00edos:<\/span><\/p>\n<p style=\"padding-left: 20px; text-align: justify;\"><span style=\"font-size: 14px;\">Contamos con un Staff de Inspectores Nivel II y Operadores Nivel I, entrenados, calificados y certificados seg\u00fan las directrices de las normas nacionales e internacionales:<\/span><\/p>\n<p style=\"padding-left: 20px; text-align: justify;\"><span style=\"font-size: 14px;\">ANSI\/ASNT\u00a0<\/span><span style=\"font-size: 14px;\">CP-189\u00a0<\/span><\/p>\n<p style=\"padding-left: 20px; text-align: justify;\"><span style=\"font-size: 14px;\">ISO-9712\u00a0<\/span><\/p>\n<p style=\"padding-left: 20px; text-align: justify;\"><span style=\"font-size: 14px;\">NAS-410\u00a0<\/span><\/p>\n<p style=\"padding-left: 20px; text-align: justify;\"><span style=\"font-size: 14px;\">MIL-STD-410\u00a0<\/span><\/p>\n<p style=\"padding-left: 20px; text-align: justify;\"><span style=\"font-size: 14px;\">Gu\u00eda Recomendada SNT-TC-1A.<\/span><\/p>\n<p style=\"padding-left: 20px; text-align: center;\"><a href=\"http:\/\/ndtesting.cl\/ensayos\/wp-content\/uploads\/2014\/07\/personal.jpg\"><img loading=\"lazy\" class=\"alignnone wp-image-235\" src=\"http:\/\/ndtesting.cl\/ensayos\/wp-content\/uploads\/2014\/07\/personal.jpg\" alt=\"personal\" width=\"930\" height=\"186\" srcset=\"https:\/\/www.ndtesting.cl\/ensayos\/wp-content\/uploads\/2014\/07\/personal.jpg 1000w, https:\/\/www.ndtesting.cl\/ensayos\/wp-content\/uploads\/2014\/07\/personal-300x60.jpg 300w\" sizes=\"(max-width: 930px) 100vw, 930px\" \/><\/a><\/p>\n<\/div>\n<\/div>\n<\/div>\n<div class=\"art-content-layout\">\n<div class=\"art-content-layout-row\">\n<div class=\"art-layout-cell\" style=\"width: 20%;\">\n<p>&nbsp;<\/p>\n<\/div>\n<div class=\"art-layout-cell\" style=\"width: 20%;\">\n<p>&nbsp;<\/p>\n<\/div>\n<div class=\"art-layout-cell\" style=\"width: 20%;\">\n<p>&nbsp;<\/p>\n<\/div>\n<div class=\"art-layout-cell\" style=\"width: 20%;\">\n<p>&nbsp;<\/p>\n<\/div>\n<div class=\"art-layout-cell\" style=\"width: 20%;\">\n<p>&nbsp;<\/p>\n<\/div>\n<\/div>\n<\/div>\n<div class=\"art-content-layout\">\n<div class=\"art-content-layout-row\">\n<div class=\"art-layout-cell\" style=\"width: 100%;\">\n<p style=\"padding-left: 20px; text-align: justify;\"><span style=\"font-size: 14px;\">NDT Ingenier\u00eda Limitada, cuenta con EXAMINADOR, ASNT Nivel III (American Society For Nondestructive Testing) de U.S.A. organizaci\u00f3n del m\u00e1s alto prestigio internacional y reconocida por los c\u00f3digos y normas del \u00e1rea industrial alrededor del mundo para la Calificaci\u00f3n del Personal.\u00a0<\/span><\/p>\n<p style=\"padding-left: 20px; text-align: justify;\"><span style=\"font-size: 14px;\">\u00a0Nuestro Examinador Nivel III, es Calificado por el Centro T\u00e9cnico Aeroespacial de Brasil (C.T.A.) para realizar estas actividades en el \u00e1mbito Aeron\u00e1utico.<\/span><\/p>\n<p>&nbsp;<\/p>\n<\/div>\n<\/div>\n<\/div>\n","protected":false},"excerpt":{"rendered":"<p>NDT Ingenier\u00eda Limitada, cuenta con especialistas en Ensayos No Destructivos de reconocida experiencia y s\u00f3lida formaci\u00f3n profesional, con permanente especializaci\u00f3n en temas relacionados y son quienes nos dan la solidez necesaria para enfrentar d\u00eda a d\u00eda nuevos desaf\u00edos: Contamos con un Staff de Inspectores Nivel II y Operadores Nivel I, entrenados, calificados y certificados seg\u00fan [&hellip;]<\/p>\n","protected":false},"author":1,"featured_media":0,"parent":139,"menu_order":3,"comment_status":"closed","ping_status":"open","template":"","meta":[],"_links":{"self":[{"href":"https:\/\/www.ndtesting.cl\/ensayos\/wp-json\/wp\/v2\/pages\/140"}],"collection":[{"href":"https:\/\/www.ndtesting.cl\/ensayos\/wp-json\/wp\/v2\/pages"}],"about":[{"href":"https:\/\/www.ndtesting.cl\/ensayos\/wp-json\/wp\/v2\/types\/page"}],"author":[{"embeddable":true,"href":"https:\/\/www.ndtesting.cl\/ensayos\/wp-json\/wp\/v2\/users\/1"}],"replies":[{"embeddable":true,"href":"https:\/\/www.ndtesting.cl\/ensayos\/wp-json\/wp\/v2\/comments?post=140"}],"version-history":[{"count":8,"href":"https:\/\/www.ndtesting.cl\/ensayos\/wp-json\/wp\/v2\/pages\/140\/revisions"}],"predecessor-version":[{"id":234,"href":"https:\/\/www.ndtesting.cl\/ensayos\/wp-json\/wp\/v2\/pages\/140\/revisions\/234"}],"up":[{"embeddable":true,"href":"https:\/\/www.ndtesting.cl\/ensayos\/wp-json\/wp\/v2\/pages\/139"}],"wp:attachment":[{"href":"https:\/\/www.ndtesting.cl\/ensayos\/wp-json\/wp\/v2\/media?parent=140"}],"curies":[{"name":"wp","href":"https:\/\/api.w.org\/{rel}","templated":true}]}}