{"id":141,"date":"2014-07-17T15:10:11","date_gmt":"2014-07-17T15:10:11","guid":{"rendered":"http:\/\/ndtesting.cl\/ensayos\/?page_id=141"},"modified":"2014-07-17T15:10:11","modified_gmt":"2014-07-17T15:10:11","slug":"antecedentes","status":"publish","type":"page","link":"https:\/\/www.ndtesting.cl\/ensayos\/nosotros\/antecedentes\/","title":{"rendered":"Antecedentes"},"content":{"rendered":"<p style=\"padding-left: 20px; text-align: justify;\"><span style=\"font-size: 14px;\">La empresa NDT Ingenier\u00eda Limitada, es una Sociedad Limitada, legalmente constituida en la Ciudad de Santiago de Chile. El objeto de ella est\u00e1 vinculado directamente a las siguientes \u00e1reas:<\/span><\/p>\n<p style=\"padding-left: 20px; text-align: justify;\"><span style=\"font-size: 14px;\">\u2022 Ensayos No Destructivas<\/span><\/p>\n<p style=\"padding-left: 20px; text-align: justify;\"><span style=\"font-size: 14px;\">\u2022 Inspecci\u00f3n de Soldaduras<\/span><\/p>\n<p style=\"padding-left: 20px; text-align: justify;\"><span style=\"font-size: 14px;\">\u2022 \u00c1reas afines.<\/span><\/p>\n<p style=\"padding-left: 20px; text-align: justify;\"><span style=\"font-size: 14px;\">Los Socios fundadores de esta Empresa se han formado y desarrollado en la industria privada principalmente.&nbsp;<\/span><\/p>\n<p style=\"padding-left: 20px; text-align: justify;\"><span style=\"font-size: 14px;\">Cada uno de ellos cuenta con m\u00e1s de 30 a\u00f1os de experiencia pr\u00e1ctica en la industria metalmec\u00e1nica de nuestro pa\u00eds.&nbsp;<\/span><\/p>\n<p style=\"padding-left: 20px; text-align: justify;\"><span style=\"font-size: 14px;\">La formaci\u00f3n de cada uno de \u00e9stos, es totalmente s\u00f3lida porque ha sido gradual en la industria nacional y porque siempre han estado en contacto con las asociaciones t\u00e9cnicas internacionales, en congresos, seminarios, cursos de actualizaci\u00f3n, reexaminaci\u00f3n para actualizaci\u00f3n de nuestras certificaciones ante la Asociaci\u00f3n Chilena de Ensayos No Destructivos de Chile (ACHIEND) The American Society For Nondstructive Testing (ASNT), The American Welding Society (AWS), C.T.A. Centro T\u00e9cnico Aeroespacial de Brasil, Zetec Training Center de EE.UU, Asociaci\u00f3n de Ensayos No Destructivos de Brasil (ABENDE), entre otras no menos importantes.<\/span><\/p>\n<p style=\"padding-left: 20px; text-align: justify;\"><span style=\"font-size: 14px;\">Estamos en constante crecimiento y gracias a nuestro esfuerzo contamos con clientes altamente satisfechos, los cuales pueden recomendar ampliamente nuestros servicios.<\/span><\/p>\n<p style=\"padding-left: 20px; text-align: justify;\"><span style=\"font-size: 14px;\">Hemos conformado un excelente grupo de trabajo altamente calificado en el cual tenemos en com\u00fan, el profesionalismo, el deseo, el gusto y la satisfacci\u00f3n de trasmitir nuestros conocimientos y experiencias para colaborar en la soluci\u00f3n de problemas pr\u00e1cticos de inspecci\u00f3n, llevando a cabo las pruebas, interpretaciones, evaluaciones y decisiones confiables de acuerdo a los requisitos de los c\u00f3digos, normas, especificaciones y procedimientos aplicables.<\/span><\/p>\n<p style=\"padding-left: 20px; text-align: justify;\"><span style=\"font-size: 14px;\"><br \/><\/span><\/p>\n","protected":false},"excerpt":{"rendered":"<p>La empresa NDT Ingenier\u00eda Limitada, es una Sociedad Limitada, legalmente constituida en la Ciudad de Santiago de Chile. El objeto de ella est\u00e1 vinculado directamente a las siguientes \u00e1reas: \u2022 Ensayos No Destructivas \u2022 Inspecci\u00f3n de Soldaduras \u2022 \u00c1reas afines. Los Socios fundadores de esta Empresa se han formado y desarrollado en la industria privada [&hellip;]<\/p>\n","protected":false},"author":1,"featured_media":0,"parent":139,"menu_order":4,"comment_status":"closed","ping_status":"open","template":"","meta":[],"_links":{"self":[{"href":"https:\/\/www.ndtesting.cl\/ensayos\/wp-json\/wp\/v2\/pages\/141"}],"collection":[{"href":"https:\/\/www.ndtesting.cl\/ensayos\/wp-json\/wp\/v2\/pages"}],"about":[{"href":"https:\/\/www.ndtesting.cl\/ensayos\/wp-json\/wp\/v2\/types\/page"}],"author":[{"embeddable":true,"href":"https:\/\/www.ndtesting.cl\/ensayos\/wp-json\/wp\/v2\/users\/1"}],"replies":[{"embeddable":true,"href":"https:\/\/www.ndtesting.cl\/ensayos\/wp-json\/wp\/v2\/comments?post=141"}],"version-history":[{"count":0,"href":"https:\/\/www.ndtesting.cl\/ensayos\/wp-json\/wp\/v2\/pages\/141\/revisions"}],"up":[{"embeddable":true,"href":"https:\/\/www.ndtesting.cl\/ensayos\/wp-json\/wp\/v2\/pages\/139"}],"wp:attachment":[{"href":"https:\/\/www.ndtesting.cl\/ensayos\/wp-json\/wp\/v2\/media?parent=141"}],"curies":[{"name":"wp","href":"https:\/\/api.w.org\/{rel}","templated":true}]}}