{"id":143,"date":"2014-07-17T15:10:13","date_gmt":"2014-07-17T15:10:13","guid":{"rendered":"http:\/\/ndtesting.cl\/ensayos\/?page_id=143"},"modified":"2014-08-04T03:50:10","modified_gmt":"2014-08-04T03:50:10","slug":"radiografias-convencional","status":"publish","type":"page","link":"https:\/\/www.ndtesting.cl\/ensayos\/servicios\/radiografias-convencional\/","title":{"rendered":"Radiograf\u00edas convencionales"},"content":{"rendered":"<div class=\"art-content-layout\">\n<div class=\"art-content-layout-row\">\n<div class=\"art-layout-cell\" style=\"width: 100%;\">\n<p style=\"text-align: justify;\"><img loading=\"lazy\" class=\"art-lightbox\" src=\"http:\/\/ndtesting.cl\/ensayos\/wp-content\/uploads\/2014\/07\/ntd08-2.jpg\" alt=\"\" width=\"949\" height=\"94\" \/><span style=\"font-size: 14px;\"><br \/>\n<\/span><\/p>\n<\/div>\n<\/div>\n<\/div>\n<div class=\"art-content-layout\">\n<div class=\"art-content-layout-row\">\n<div class=\"art-layout-cell\" style=\"width: 100%;\">\n<p style=\"padding-left: 20px; text-align: justify;\"><span style=\"font-size: 14px;\">M\u00e9todo de inspecci\u00f3n no destructiva que usa energ\u00eda de alta penetraci\u00f3n de rayos x o rayos gamma para inspecci\u00f3n de materiales en mantenci\u00f3n, fabricaci\u00f3n y\/o montaje en cumplimiento a lo establecido en el C\u00f3digo ASME Secci\u00f3n V, Art\u00edculo 2, permitiendo detectar discontinuidades tales como:<\/span><\/p>\n<p style=\"padding-left: 20px; text-align: justify;\"><span style=\"font-size: 14px;\">Defectos de soldaduras.<\/span><\/p>\n<p style=\"padding-left: 20px; text-align: justify;\"><span style=\"font-size: 14px;\">Defectos de fundiciones.<\/span><\/p>\n<p style=\"padding-left: 20px; text-align: justify;\"><span style=\"font-size: 14px;\">Defectos de fatiga.<\/span><\/p>\n<div id=\"attachment_213\" style=\"width: 950px\" class=\"wp-caption alignnone\"><a href=\"http:\/\/ndtesting.cl\/ensayos\/wp-content\/uploads\/2014\/07\/radiografiaconv.jpg\"><img aria-describedby=\"caption-attachment-213\" loading=\"lazy\" class=\"wp-image-213 size-full\" src=\"http:\/\/ndtesting.cl\/ensayos\/wp-content\/uploads\/2014\/07\/radiografiaconv.jpg\" alt=\"radiografiaconv\" width=\"940\" height=\"400\" srcset=\"https:\/\/www.ndtesting.cl\/ensayos\/wp-content\/uploads\/2014\/07\/radiografiaconv.jpg 940w, https:\/\/www.ndtesting.cl\/ensayos\/wp-content\/uploads\/2014\/07\/radiografiaconv-300x127.jpg 300w\" sizes=\"(max-width: 940px) 100vw, 940px\" \/><\/a><p id=\"caption-attachment-213\" class=\"wp-caption-text\">M\u00e9todo de inspecci\u00f3n no destructiva que usa energ\u00eda de alta penetraci\u00f3n de rayos x o rayos gamma<\/p><\/div>\n<\/div>\n<\/div>\n<\/div>\n<div class=\"art-content-layout\"><\/div>\n","protected":false},"excerpt":{"rendered":"<p>M\u00e9todo de inspecci\u00f3n no destructiva que usa energ\u00eda de alta penetraci\u00f3n de rayos x o rayos gamma para inspecci\u00f3n de materiales en mantenci\u00f3n, fabricaci\u00f3n y\/o montaje en cumplimiento a lo establecido en el C\u00f3digo ASME Secci\u00f3n V, Art\u00edculo 2, permitiendo detectar discontinuidades tales como: Defectos de soldaduras. Defectos de fundiciones. Defectos de fatiga.<\/p>\n","protected":false},"author":1,"featured_media":0,"parent":142,"menu_order":6,"comment_status":"closed","ping_status":"open","template":"","meta":[],"_links":{"self":[{"href":"https:\/\/www.ndtesting.cl\/ensayos\/wp-json\/wp\/v2\/pages\/143"}],"collection":[{"href":"https:\/\/www.ndtesting.cl\/ensayos\/wp-json\/wp\/v2\/pages"}],"about":[{"href":"https:\/\/www.ndtesting.cl\/ensayos\/wp-json\/wp\/v2\/types\/page"}],"author":[{"embeddable":true,"href":"https:\/\/www.ndtesting.cl\/ensayos\/wp-json\/wp\/v2\/users\/1"}],"replies":[{"embeddable":true,"href":"https:\/\/www.ndtesting.cl\/ensayos\/wp-json\/wp\/v2\/comments?post=143"}],"version-history":[{"count":4,"href":"https:\/\/www.ndtesting.cl\/ensayos\/wp-json\/wp\/v2\/pages\/143\/revisions"}],"predecessor-version":[{"id":217,"href":"https:\/\/www.ndtesting.cl\/ensayos\/wp-json\/wp\/v2\/pages\/143\/revisions\/217"}],"up":[{"embeddable":true,"href":"https:\/\/www.ndtesting.cl\/ensayos\/wp-json\/wp\/v2\/pages\/142"}],"wp:attachment":[{"href":"https:\/\/www.ndtesting.cl\/ensayos\/wp-json\/wp\/v2\/media?parent=143"}],"curies":[{"name":"wp","href":"https:\/\/api.w.org\/{rel}","templated":true}]}}